s of z?
7, 19
Suppose 73 - 23 = 5*p. Let y(l) = l + 1. What are the prime factors of y(p)?
11
Let p(m) = -19*m - 43. Let w be p(-12). Let t = w + -75. List the prime factors of t.
2, 5, 11
Let g = -594 - -610. Suppose 26*s - g*s = 11380. List the prime factors of s.
2, 569
Suppose 0 = 180*n - 408211 - 249330 - 2525039. List the prime factors of n.
17681
Suppose -4*x + 4 = -12. Let m be 4 - (-4 + 9/3). Suppose l + 241 = x*l - 4*p, -359 = -m*l - 4*p. List the prime factors of l.
3, 5
Let h(a) = 9*a**3 - 65*a**2 + 28*a - 115. List the prime factors of h(16).
61, 337
Let l = -11950 - -17693. List the prime factors of l.
5743
Let t(j) = 1170*j**2 + 428*j + 1273. What are the prime factors of t(-3)?
67, 157
Let x be (-2)/(-4)*2*(-15 + 0). Let r be (-2 + x/(-9))*-6. Suppose -4*j + 647 = 5*h, 0 = 3*h + r*j - 302 - 87. List the prime factors of h.
131
What are the prime factors of (-9)/270*-10*12990?
2, 5, 433
Let g = 967 - 130. Let o = g + -417. List the prime factors of o.
2, 3, 5, 7
Let n be 15/(-45) - 3/(9/(-139)). Suppose -3*y = -n + 61. List the prime factors of 18 - (y/1 - -3).
2, 5
Suppose 940425 = 154*g - 240711 - 332530. List the prime factors of g.
9829
Let x = -5142 - -6624. What are the prime factors of x?
2, 3, 13, 19
Suppose -2*g = -16 - 8. Let d be (g/15)/((-7)/(-35)). Suppose 54 = d*t - 170. What are the prime factors of t?
2, 7
Suppose a = 2*y + 2, 0*y = 2*y + 8. Let o be (69/9)/(3/72). List the prime factors of (o/a)/(-4)*6.
2, 23
Let y = 25569 - 16399. List the prime factors of y.
2, 5, 7, 131
Suppose 4*l - 3*l = -5*z - 29, 37 = -2*l - 3*z. Let c be (-58)/7 - (-2)/7. What are the prime factors of c/l + (-412)/(-14)?
2, 3, 5
Let r(s) be the third derivative of 17*s**4/8 + 11*s**3/6 + s**2 + 3. What are the prime factors of r(2)?
113
Let w be ((-52)/(-6))/(43/(-215))*-3. Let x(m) = m - 11. Let i be x(0). Let f = i + w. What are the prime factors of f?
7, 17
Suppose 9*f = 3 + 69. Suppose f - 2 = 2*s - w, 5*s - 3*w = 14. Suppose 0 = 4*y + 12, 0 = s*u + 5*y - 505 + 148. List the prime factors of u.
3, 31
Let w(u) = u**2 + u + 7. Let z be w(-3). Let f(p) = -p**2 + 11*p + 26. Let y be f(z). Suppose 5*i - 5*l - 266 = 2*i, y = -4*l - 4. List the prime factors of i.
3, 29
List the prime factors of 62 + (47617 - -37) + 2/2*-6.
2, 5, 13, 367
Let t = -267 + 277. Suppose -t*v + 682 = -488. What are the prime factors of v?
3, 13
Let g = 7733 + -1203. List the prime factors of g.
2, 5, 653
Let g(h) = 5*h - 53. Let j be g(9). Let k(z) = 2*z**2 - 8*z - 42. What are the prime factors of k(j)?
2, 3, 5
Let m = 22602 - -21285. List the prime factors of m.
3, 14629
Suppose 23*n = 180282 + 69682. What are the prime factors of n?
2, 11, 13, 19
Let z = -38 - -42. Let y be (36/27)/(z/1242). Suppose -3*x = -x - y. What are the prime factors of x?
3, 23
Let v(s) be the third derivative of s**5/4 - s**4/6 + 11*s**3/3 + 2348*s**2. Let i(b) = b**2 + 7*b + 9. Let q be i(-6). What are the prime factors of v(q)?
5, 29
Let h(b) = 2 + 9*b**2 + 2347*b - 2345*b - 12 - 1. List the prime factors of h(-11).
2, 3, 11
Let x(u) = 188*u + 205. Let d be x(21). Let f = d + -2723. What are the prime factors of f?
2, 5, 11, 13
Let i = 10 + -7. Suppose 12 = i*w, -5*w = -0*r + 2*r + 326. Let n = -80 - r. List the prime factors of n.
3, 31
Let w = 34464 - 26695. What are the prime factors of w?
17, 457
Let u = 319 - -1070. List the prime factors of u.
3, 463
Let n = 2027 - 441. Let l = n - 534. List the prime factors of l.
2, 263
Let w(d) be the third derivative of -d**5/60 + 10*d**3 + 2853*d**2. Let v be 2/(-4)*(1 + -1). List the prime factors of w(v).
2, 3, 5
Let o be (-392)/(-126) + 1/(-9). Let c be ((-1 + o)*2)/2. List the prime factors of c/4*(0 + -2) + 91.
2, 3, 5
Suppose -3*o + 18 = 3. Suppose o*n + 2*n - 56 = 0. What are the prime factors of (-13 - -29)*22/n?
2, 11
Let t be 60/3*(-7 + 1 + 2). Let q be 16/t + 478/(-10). List the prime factors of (-109)/(-2) - (-6)/q*-4.
5, 11
Suppose 8*t = 33 + 63. Let g = -25 + 27. List the prime factors of g/t - 1779/(-18).
3, 11
Let r(p) = -73*p**2 + 32*p - 12. Let w(x) = 24*x**2 - 11*x + 4. Let b(v) = -6*r(v) - 17*w(v). Let q = 7 - 5. What are the prime factors of b(q)?
2, 3, 19
Let n(f) = -3*f**3 - 6*f**2 - 3*f - 1. Let p be n(-2). Suppose c + 143 = -3*k + 4*k, -2*k = p*c - 251. List the prime factors of k.
2, 3, 23
Let o = -123 + 75. Suppose 235 = 5*h - 5*m, 0*h - 100 = -2*h + 5*m. List the prime factors of 1/(1 + h/o).
2
Suppose -2*w + 3126 = 5*l - 3615, 0 = -4*l + 2*w + 5400. Suppose 677 = f + z, 0 = 2*f + 12*z - 11*z - l. What are the prime factors of f?
2, 3, 7
What are the prime factors of 13/2*-1*2*-198?
2, 3, 11, 13
Let m(a) = -a**3 + a**2 + 1177*a - 16. What are the prime factors of m(29)?
3, 13, 271
Suppose 0 = 3*s - h - 51494, 2*h + 21501 + 29989 = 3*s. List the prime factors of s.
2, 3, 2861
Let y = 290 - 310. What are the prime factors of 7308/(-8)*y/30?
3, 7, 29
Suppose -30*b = -47 - 43. List the prime factors of (-2)/(-8)*(b - -373).
2, 47
Suppose 5*l - 316 = 6*a + 208, 308 = 3*l - 2*a. List the prime factors of l.
2, 5
Let n be ((-6)/(-4))/((-11)/(-22)). Suppose 5*x - n*v - 9 = 4, 0 = -3*x + 3*v + 3. Suppose x*f - f = 16, -3*k + 319 = -5*f. What are the prime factors of k?
113
Let d(x) = 2*x + 9 + 2*x + 0*x**2 - x**2 - 38. Let l(u) = -2*u**2 + 3*u - 30. Let f(j) = 4*d(j) - 3*l(j). What are the prime factors of f(-9)?
73
Suppose 8*c - 13*c = -20. Suppose 13*u - c - 1322 = 0. List the prime factors of u.
2, 3, 17
Let p = 26113 - 18167. What are the prime factors of p?
2, 29, 137
Let z(u) be the third derivative of 7*u**5/10 + 5*u**4/8 - 9*u**3 + 176*u**2. List the prime factors of z(6).
2, 3, 43
Let h(r) = -5117*r + 2137. What are the prime factors of h(-6)?
32839
Suppose 11873*k + 639 + 624 = 11870*k. Suppose 0 = -5*y + 5*g - 1455, -5*y - 1180 = -y + 4*g. Let f = y - k. What are the prime factors of f?
2
Suppose 91977 = -136*j - 60*j + 402245. What are the prime factors of j?
1583
Let d = 6652 - 3530. List the prime factors of d.
2, 7, 223
Suppose 7*i - 308 = 189. Let x = 174 + -56. Let r = x - i. What are the prime factors of r?
47
Let u(i) = 9*i - 37. Let t(k) = -9 + 36*k - 46 - 22*k. Let c(n) = -5*t(n) + 8*u(n). List the prime factors of c(14).
7
Let x(n) = n**3 - 8*n**2 + 5*n - 2. Let p be x(6). Let m = 566 - p. Suppose b - 138 = -0*b + 4*q, 5*b = 4*q + m. List the prime factors of b.
2, 59
Let q(p) = 18*p + 2. Let t be (-6 - 75/(-12)) + 15/4. List the prime factors of q(t).
2, 37
Suppose -4*w = -4*p + 220, -2*w + 6*w + 3*p = -213. Let k be w/12*260/(-3). Suppose -m - k = -5*m - 3*v, -m + 5*v = -86. What are the prime factors of m?
2, 3
Let j = 16254 + 69387. List the prime factors of j.
3, 28547
Let n(j) = 2*j**2 + 7*j + 60. Let c(t) = -2*t**2 - 6*t - 61. Let z(b) = 5*c(b) + 6*n(b). What are the prime factors of z(-12)?
199
Let t(j) = 19*j + 73*j + 102 + 7*j - 30*j. What are the prime factors of t(11)?
3, 7, 41
Let g = -36 + 65. Let l = -17 + g. Suppose 15*d - l*d = 111. List the prime factors of d.
37
Let z(w) = 64*w + 79. Let r be z(25). Suppose -8*i + 7143 = r. List the prime factors of i.
683
Let y = -1463 + 39647. What are the prime factors of y?
2, 3, 37, 43
List the prime factors of 2*((-27 - -22) + (-2 - 182725/(-10))).
3, 11, 41
Let u(j) = 16*j + 9. Let w be u(-1). What are the prime factors of w + 315 + -1 - 1?
2, 3, 17
Let q = 6218 - 2489. What are the prime factors of q?
3, 11, 113
Let v = -113 + 4141. List the prime factors of v.
2, 19, 53
Let i(g) = 1303*g + 810. What are the prime factors of i(12)?
2, 3, 2741
Let r be (-1)/(-4) - (9 - 29658/24). Let x = r - 690. List the prime factors of x.
3, 179
Let o(z) = -z**2 - 19*z + 70. Let x be o(-22). Suppose -2*h - 4 = 0, -64*i + 65*i - x*h - 393 = 0. What are the prime factors of i?
5, 7, 11
Let g(l) = -6*l + 5. Let j be g(1). Let t = j + 160. Let s = 261 - t. What are the prime factors of s?
2, 3, 17
Suppose -2*l = 8*l + 50. Let v be (l/10)/((-1)/4). What are the prime factors of 104/2 - (v + -6)?
2, 7
Let q = 29 + -27. Let t(d) = 138*d**2 - 1. Let u be t(q). Suppose u = 4*n + 99. What are the prime factors of n?
113
List the prime factors of 1758/(-15)*(-253 + -17) + -9.
3, 5, 19, 37
Suppose 34*j - 39*j + 1038240 = 91*j. What are the prime factors of j?
